{"id":114,"date":"2013-12-09T18:48:42","date_gmt":"2013-12-09T16:48:42","guid":{"rendered":"http:\/\/www.gartenderhoffnung.org\/?page_id=114"},"modified":"2020-09-26T13:12:12","modified_gmt":"2020-09-26T11:12:12","slug":"impressum","status":"publish","type":"page","link":"https:\/\/www.gartenderhoffnung.org\/?page_id=114","title":{"rendered":"Impressum"},"content":{"rendered":"<p><span style=\"color: #339966;\"><strong>ASSOCIATION JARDIN\u00a0D\u00b4ESPOIR\u00a0SENEGAL<\/strong><\/span><br \/>\nR\u00e9c\u00e9piss\u00e9 No.\u00a000661\/GRSL\/AA\u00a0du\u00a021\/05\/07<br \/>\nSi\u00e8ge : 12, Rue Leybar, Ndiolof\u00e9ne Sud, Sor,<br \/>\nSAINT-LOUIS T\u00e9l: (00221) 33 961 26 34<br \/>\nE-Mail: jardindespoirsenegal@gmail.com<\/p>\n<p><a href=\"https:\/\/www.facebook.com\/jardinespoirsenegal.saintlouis\">Facebook<\/a> \u00a0\u00a0 <a href=\"https:\/\/www.youtube.com\/channel\/UC8Zw69YCIXVq6WqFCYmUriw\">Youtube<\/a><\/p>\n<p>Webdesign: Susanne Posegga, Autriche<\/p>\n","protected":false},"excerpt":{"rendered":"<p>ASSOCIATION JARDIN\u00a0D\u00b4ESPOIR\u00a0SENEGAL R\u00e9c\u00e9piss\u00e9 No.\u00a000661\/GRSL\/AA\u00a0du\u00a021\/05\/07 Si\u00e8ge : 12, Rue Leybar, Ndiolof\u00e9ne Sud, Sor, SAINT-LOUIS T\u00e9l: (00221) 33 961 26 34 E-Mail: jardindespoirsenegal@gmail.com Facebook \u00a0\u00a0 Youtube Webdesign: Susanne Posegga, Autriche<\/p>\n","protected":false},"author":1,"featured_media":436,"parent":0,"menu_order":8,"comment_status":"closed","ping_status":"closed","template":"","meta":[],"_links":{"self":[{"href":"https:\/\/www.gartenderhoffnung.org\/index.php?rest_route=\/wp\/v2\/pages\/114"}],"collection":[{"href":"https:\/\/www.gartenderhoffnung.org\/index.php?rest_route=\/wp\/v2\/pages"}],"about":[{"href":"https:\/\/www.gartenderhoffnung.org\/index.php?rest_route=\/wp\/v2\/types\/page"}],"author":[{"embeddable":true,"href":"https:\/\/www.gartenderhoffnung.org\/index.php?rest_route=\/wp\/v2\/users\/1"}],"replies":[{"embeddable":true,"href":"https:\/\/www.gartenderhoffnung.org\/index.php?rest_route=%2Fwp%2Fv2%2Fcomments&post=114"}],"version-history":[{"count":6,"href":"https:\/\/www.gartenderhoffnung.org\/index.php?rest_route=\/wp\/v2\/pages\/114\/revisions"}],"predecessor-version":[{"id":1284,"href":"https:\/\/www.gartenderhoffnung.org\/index.php?rest_route=\/wp\/v2\/pages\/114\/revisions\/1284"}],"wp:featuredmedia":[{"embeddable":true,"href":"https:\/\/www.gartenderhoffnung.org\/index.php?rest_route=\/wp\/v2\/media\/436"}],"wp:attachment":[{"href":"https:\/\/www.gartenderhoffnung.org\/index.php?rest_route=%2Fwp%2Fv2%2Fmedia&parent=114"}],"curies":[{"name":"wp","href":"https:\/\/api.w.org\/{rel}","templated":true}]}}