{"id":65,"date":"2013-09-14T23:30:59","date_gmt":"2013-09-14T21:30:59","guid":{"rendered":"http:\/\/www.gartenderhoffnung.org\/?page_id=65"},"modified":"2020-07-10T09:43:51","modified_gmt":"2020-07-10T07:43:51","slug":"mitglieder","status":"publish","type":"page","link":"https:\/\/www.gartenderhoffnung.org\/?page_id=65","title":{"rendered":"Mitglieder"},"content":{"rendered":"<p><strong>Vorstandsmitglieder<\/strong><br \/>\nMamadou Ndiaye (Pr\u00e4sident, Projektleitung)<br \/>\nAbsa Guisse (Vizepr\u00e4sdentin, \u00d6ffentlichkeitsarbeit)<br \/>\nMagol Gueye (Generalsekret\u00e4r, Finanzpr\u00fcfung, Projektdokumentation)<br \/>\nAbdoulaye Aris Faye ( Sozialarbeiter, Projektkoordination)<\/p>\n<p><strong>Personal des Tageszentrums<\/strong><\/p>\n<p>Coumba Wade Dieye (Lehrerin)<br \/>\nKhady Tour\u00e9 (Lehrerin)<br \/>\nFatou Binetou Faye (Krankenschwester)<br \/>\nAbdoulaye Seck (Sozialarbeiter, animateur)<br \/>\nIbrahima Diop (Schneider-Ausbilder)<br \/>\nOumar Fall ( IT-Lehrer)<br \/>\nFatou Ndiaye (Pr\u00e4sidentin der Frauengruppe)<br \/>\nIdrissa Coulibaly (Hausmeister\/W\u00e4chter)<\/p>\n","protected":false},"excerpt":{"rendered":"<p>Vorstandsmitglieder Mamadou Ndiaye (Pr\u00e4sident, Projektleitung) Absa Guisse (Vizepr\u00e4sdentin, \u00d6ffentlichkeitsarbeit) Magol Gueye (Generalsekret\u00e4r, Finanzpr\u00fcfung, Projektdokumentation) Abdoulaye Aris Faye ( Sozialarbeiter, Projektkoordination) Personal des Tageszentrums Coumba Wade Dieye (Lehrerin) Khady Tour\u00e9 (Lehrerin) Fatou Binetou Faye (Krankenschwester) Abdoulaye Seck (Sozialarbeiter, animateur) Ibrahima Diop (Schneider-Ausbilder) Oumar Fall ( IT-Lehrer) Fatou Ndiaye (Pr\u00e4sidentin der Frauengruppe) Idrissa Coulibaly (Hausmeister\/W\u00e4chter)<\/p>\n","protected":false},"author":1,"featured_media":0,"parent":70,"menu_order":0,"comment_status":"closed","ping_status":"closed","template":"","meta":[],"_links":{"self":[{"href":"https:\/\/www.gartenderhoffnung.org\/index.php?rest_route=\/wp\/v2\/pages\/65"}],"collection":[{"href":"https:\/\/www.gartenderhoffnung.org\/index.php?rest_route=\/wp\/v2\/pages"}],"about":[{"href":"https:\/\/www.gartenderhoffnung.org\/index.php?rest_route=\/wp\/v2\/types\/page"}],"author":[{"embeddable":true,"href":"https:\/\/www.gartenderhoffnung.org\/index.php?rest_route=\/wp\/v2\/users\/1"}],"replies":[{"embeddable":true,"href":"https:\/\/www.gartenderhoffnung.org\/index.php?rest_route=%2Fwp%2Fv2%2Fcomments&post=65"}],"version-history":[{"count":3,"href":"https:\/\/www.gartenderhoffnung.org\/index.php?rest_route=\/wp\/v2\/pages\/65\/revisions"}],"predecessor-version":[{"id":1279,"href":"https:\/\/www.gartenderhoffnung.org\/index.php?rest_route=\/wp\/v2\/pages\/65\/revisions\/1279"}],"up":[{"embeddable":true,"href":"https:\/\/www.gartenderhoffnung.org\/index.php?rest_route=\/wp\/v2\/pages\/70"}],"wp:attachment":[{"href":"https:\/\/www.gartenderhoffnung.org\/index.php?rest_route=%2Fwp%2Fv2%2Fmedia&parent=65"}],"curies":[{"name":"wp","href":"https:\/\/api.w.org\/{rel}","templated":true}]}}