{"id":70,"date":"2013-09-14T23:41:41","date_gmt":"2013-09-14T21:41:41","guid":{"rendered":"http:\/\/www.gartenderhoffnung.org\/?page_id=70"},"modified":"2014-01-19T23:21:02","modified_gmt":"2014-01-19T21:21:02","slug":"verein","status":"publish","type":"page","link":"https:\/\/www.gartenderhoffnung.org\/?page_id=70","title":{"rendered":"Verein"},"content":{"rendered":"<p><strong>Der Verein \u00abJardin d\u2019Espoir\u00bb<\/strong> besteht seit 2007 und unterst\u00fctzt die Politik der Regierung zur Betreuung von Kindern in schwierigen Situationen im Allgemeinen und Talib\u00e9s im Besonderen und befasst sich mit den Problemen, mit denen diese in Saint Louis konfrontiert sind.<br \/>\nEs ist eine Initiative von Freiwilligen, die sich um die Zukunft der Kinder k\u00fcmmert und zum Zweck der Verbesserung der Situation der Kinder zusammenarbeitet. Der Verein will die Kinderrechte auf sozialer, moralischer und auf Bildungsebene in Zusammenarbeit mit staatlichen und lokalen Stellen sowie nationalen und internationalen Partnern st\u00e4rken.<\/p>\n<p><strong>Der Verein hat zum Ziel:<\/strong><\/p>\n<ul>\n<li>Den Kindern Essen zur Verf\u00fcgung stellen sowie eine Anlaufstelle bieten;<\/li>\n<li>Die moralische, soziale und intellektuelle Entwicklung der Kinder zu f\u00f6rdern;<\/li>\n<li>\u00a0Initiativen, Aktionen und Programme der lokalen und nationalen Beh\u00f6rden zum Wohl der Talib\u00e9s zu unterst\u00fctzen;<\/li>\n<li>Mit \u00f6ffentlichen und privaten Partnern in der Sozialarbeit, der AEMO, der Gendarmerie, der Polizei und anderen zur Erreichung der Ziele des Vereins zusammenzuarbeiten;<\/li>\n<li>Partnerschaften mit nationalen und internationalen Organisationen im Rahmen einer dauerhaften oder auch zeitlich limitierten Zusammenarbeit einzugehen.<\/li>\n<\/ul>\n<p>ASSOCIATION JARDIN\u00a0D\u00b4ESPOIR\u00a0SENEGAL<br \/>\nR\u00e9c\u00e9piss\u00e9No.\u00a000661\/GRSL\/AA\u00a0du\u00a021\/05\/07<br \/>\nSi\u00e8ge\u00a0:\u00a0Quartier\u00a0Cit\u00e9\u00a0Niakh\u00a0\u2013\u00a0Rue\u00a0TerrainGuelewars Prolong\u00e9e<br \/>\nTEL:\u00a0(00221)\u00a033\u00a0961\u00a026\u00a034<br \/>\nSAINT-LOUIS<\/p>\n","protected":false},"excerpt":{"rendered":"<p>Der Verein \u00abJardin d\u2019Espoir\u00bb besteht seit 2007 und unterst\u00fctzt die Politik der Regierung zur Betreuung von Kindern in schwierigen Situationen im Allgemeinen und Talib\u00e9s im Besonderen und befasst sich mit den Problemen, mit denen diese in Saint Louis konfrontiert sind. Es ist eine Initiative von Freiwilligen, die sich um die Zukunft der Kinder k\u00fcmmert und &hellip; <a href=\"https:\/\/www.gartenderhoffnung.org\/?page_id=70\" class=\"more-link\"><span class=\"screen-reader-text\">Verein<\/span> weiterlesen <span class=\"meta-nav\">&rarr;<\/span><\/a><\/p>\n","protected":false},"author":1,"featured_media":503,"parent":0,"menu_order":1,"comment_status":"closed","ping_status":"closed","template":"","meta":[],"_links":{"self":[{"href":"https:\/\/www.gartenderhoffnung.org\/index.php?rest_route=\/wp\/v2\/pages\/70"}],"collection":[{"href":"https:\/\/www.gartenderhoffnung.org\/index.php?rest_route=\/wp\/v2\/pages"}],"about":[{"href":"https:\/\/www.gartenderhoffnung.org\/index.php?rest_route=\/wp\/v2\/types\/page"}],"author":[{"embeddable":true,"href":"https:\/\/www.gartenderhoffnung.org\/index.php?rest_route=\/wp\/v2\/users\/1"}],"replies":[{"embeddable":true,"href":"https:\/\/www.gartenderhoffnung.org\/index.php?rest_route=%2Fwp%2Fv2%2Fcomments&post=70"}],"version-history":[{"count":3,"href":"https:\/\/www.gartenderhoffnung.org\/index.php?rest_route=\/wp\/v2\/pages\/70\/revisions"}],"predecessor-version":[{"id":113,"href":"https:\/\/www.gartenderhoffnung.org\/index.php?rest_route=\/wp\/v2\/pages\/70\/revisions\/113"}],"wp:featuredmedia":[{"embeddable":true,"href":"https:\/\/www.gartenderhoffnung.org\/index.php?rest_route=\/wp\/v2\/media\/503"}],"wp:attachment":[{"href":"https:\/\/www.gartenderhoffnung.org\/index.php?rest_route=%2Fwp%2Fv2%2Fmedia&parent=70"}],"curies":[{"name":"wp","href":"https:\/\/api.w.org\/{rel}","templated":true}]}}